2 - -198. Suppose 30*f = 34*f - a. Calculate the highest common factor of 165 and f.
55
Suppose 70*n - 68*n - 8 = 0. Suppose 3*q = 2*s + 294, -2*q + n*s + 300 = q. Calculate the highest common divisor of q and 8.
8
Suppose -40 = -y + 3*d - 0*d, d = 4*y - 204. Let m = 87 - y. What is the greatest common factor of 7 and m?
7
Let f(g) = -4*g**2 + 8*g - 354 + g**2 + 6*g + 361. Let t be f(5). Calculate the highest common factor of 3 and t.
1
Suppose -7*u + 457 = 30. What is the highest common factor of u and 305?
61
Let l = -831 - -1423. Calculate the greatest common factor of 16 and l.
16
Let c(v) = -v**3 + 6*v**2 + 54*v + 14. Let u be c(11). Suppose -2*t = -5*h + t + 25, 0 = 4*h - 5*t - 33. Calculate the highest common factor of h and u.
1
Suppose 0 = 15*a - 30*a + 1275. What is the greatest common divisor of a and 10?
5
Let m = 284 - 272. Suppose 14 + 16 = 2*r. Suppose -m = -i + r. Calculate the greatest common factor of 135 and i.
27
Let v be 7/(77/99) + 2703. What is the greatest common divisor of 12 and v?
12
Let p(u) be the second derivative of 0 + u**2 + u - 1/6*u**3. Let w be p(-8). What is the highest common divisor of 40 and w?
10
Suppose -2*s = -5*f - 56, -5*f - 115 = -5*s - 5. Let q(z) = 11*z - 10*z - s - 4*z. Let m be q(-10). What is the highest common divisor of m and 48?
12
Let j = -9 - -13. Suppose 0 = j*l + 15 - 95. Let r = 14 - -16. Calculate the highest common factor of l and r.
10
Suppose 11 = -3*q + 2. Let y be -52*(-1)/(-4)*q. Suppose -4*k = -y - 57. What is the greatest common factor of k and 8?
8
Let d(g) = 7 - 2*g**2 - g + 3*g**2 - 3. Let l be d(3). Let v be 752/15 - ((-1196)/(-195) - (0 - -6)). Calculate the greatest common divisor of v and l.
10
Let b be (-5 - (-19)/3)*(-375)/(-20). Suppose -3*h = 6 - 21. What is the highest common factor of b and h?
5
Let b = 387 - 295. What is the highest common divisor of 8 and b?
4
Suppose 0 = 5*r - 4*c - 1365, 0 = -3*r + 2*r + 5*c + 273. Calculate the greatest common divisor of r and 13.
13
Let u = -2 - -16. Suppose -k = -3*g - 154, -k - 770 = -6*k - 5*g. Calculate the highest common divisor of u and k.
14
Suppose -5*i + 4*x + 4606 = 8*x, -5*i - 3*x = -4602. What is the greatest common divisor of 34 and i?
34
Let j(t) = 8*t + 28. Let k be j(6). Suppose 0 = 4*w + 3*v - 61, -2*w - 2*v = 2*w - 66. What is the highest common divisor of k and w?
19
Let z(d) = -d**2 - 14*d - 24. Let w = 25 + -35. Let t be z(w). Calculate the highest common divisor of t and 208.
16
Suppose -3 = k - 8. Let c = k + 0. Let q = 21 - c. What is the greatest common divisor of q and 32?
16
Let z(q) = -q**3 + 4*q**2 + 2. Let v be z(4). Suppose 3*h - v = 2*h. Suppose 0 = 2*s + h*s - 224. Calculate the greatest common factor of s and 7.
7
Let q = -466 + 601. Calculate the highest common factor of q and 180.
45
Let k be 2/(-13) - (-10560)/195. Let f(o) = -o**3 - 2*o**2 + 4. Let d be f(-4). What is the greatest common divisor of k and d?
18
Suppose -25 = k + 4*k. Let z be (6 + 392/(-20))/(2/k). Calculate the highest common factor of z and 306.
34
Suppose m + 3*f - 2*f = 42, -4*f = 3*m - 129. Calculate the greatest common factor of m and 195.
39
Let o = 283 - 275. Calculate the greatest common divisor of o and 232.
8
Suppose 8*o - 12*o = -20. Let r = -13 + 38. What is the greatest common factor of r and o?
5
Let i be 1*(-2 + 3) + 3. Let l = i + 107. Calculate the greatest common factor of l and 37.
37
Suppose 0 = -4*d - 11*d + 150. Let m = 54 + d. What is the highest common factor of m and 8?
8
Let j be (3/2)/((-7)/(-14)). Suppose 2*q + 4 = f - 3, 5*f = 4*q + 35. Suppose 0 = -t - c + f, 3*t = t - c + 19. What is the highest common divisor of t and j?
3
Suppose -2*p + 16 + 56 = -4*d, -5*d = 25. Suppose y = -2*y + 117. Calculate the greatest common factor of p and y.
13
Suppose -m = -9*m + 104. Suppose 17*g - m*g = 8. Suppose g*h = 4*h - 68. Calculate the highest common factor of h and 102.
34
Suppose 10*g - 41 - 9 = 0. Calculate the highest common factor of 305 and g.
5
Let z be 42*-4*30/(-80). What is the highest common factor of 28 and z?
7
Let n = -96 + 65. Let k = -6 - n. Calculate the greatest common factor of 175 and k.
25
Let q(n) = 2*n + 3. Let z be q(-7). Let f = 26 + -18. Let i be f/(-10)*(z + 1). Calculate the greatest common divisor of 40 and i.
8
Suppose -v - 3 = 2*o, 5*o = v - 3*v - 7. Let s be v*18*(-4)/8. What is the greatest common divisor of s and 12?
3
Let t = 31 + -21. Let j be t*((-5)/2)/(-5). Suppose 3*y = m + j*y - 46, -4*m = -5*y - 119. Calculate the highest common factor of m and 12.
12
Suppose 13*d = 1110 + 749. Calculate the highest common divisor of d and 33.
11
Let y be (-55)/(-2) + 1/2. Let u = 209 - 74. Suppose -u = -6*m - 51. Calculate the greatest common factor of y and m.
14
Let f be 5997/15 + (-28)/(-140). Calculate the greatest common divisor of f and 16.
16
Let i(a) = 4*a**2 - 13*a - 3. Let b be i(7). Let m = 36 - 35. Let j be (-5 - -3) + 37 - m. What is the highest common divisor of j and b?
34
Let w = -1712 + 2001. Calculate the greatest common factor of 221 and w.
17
Suppose 8*a - 13*a + 246 = -2*l, 0 = -3*a + 2*l + 150. Calculate the greatest common factor of a and 32.
16
Let r(b) = -14*b**2 + 27*b + 41. Let o(y) = -5*y**2 + 9*y + 14. Let t(p) = 17*o(p) - 6*r(p). Let u be t(-6). What is the highest common divisor of u and 80?
10
Let y be (-81)/(-15) - 2/5. Suppose -b - 26 = -0*b + 5*x, -2*b - 22 = -5*x. Let j be ((-4)/y)/(b/200). What is the greatest common divisor of j and 20?
10
Let g(m) = 18*m - 24. Let l(w) = 17*w - 23. Let j(p) = 5*g(p) - 6*l(p). Let h be j(-8). Calculate the highest common divisor of h and 19.
19
Suppose -3*h + 4*t = -56, t + 17 = -h + 2*h. Let p be (66 + 0)*(1 - -1). What is the greatest common divisor of p and h?
12
Let l(i) = -6*i**3 + i**2 + 3*i + 2. Let y be l(-2). Suppose 60 = 3*a + 3*t, 5*a + y = -2*t + 136. Calculate the highest common divisor of 112 and a.
16
Let i(c) = c**3 + 17*c**2 + 3*c - 9. Let f be i(-15). What is the highest common divisor of 44 and f?
44
Suppose 2*o - 3*k - 25 = 0, o - 3*o + 21 = k. Suppose -5*y - 6 = -o. Let d be -7 + 4 - (-3 - y). What is the highest common divisor of 5 and d?
1
Suppose 20*j - 31*j = -39688. Calculate the highest common divisor of 88 and j.
88
Let j(r) = 3*r**2 - 51*r - 130. Let q be j(24). What is the highest common divisor of q and 68?
34
Suppose -k + 0*d + 27 = -2*d, 0 = -2*k - 5*d + 72. Suppose -5*y = -96 + k. Let g be (30 - 1) + -2 + -1. Calculate the highest common divisor of y and g.
13
Suppose -337 - 110 = -3*i. What is the greatest common factor of i and 1?
1
Suppose 0*u - 2*u = 5*x - 72, -3*x + 3*u + 39 = 0. Suppose 28 = 2*c - 4*k, -5*c + k = 5*k - x. What is the greatest common divisor of c and 18?
6
Suppose -2*f + 1 + 1 = 0. Suppose 0 = -j, 4*p + 2*j - 7*j = 28. Let q = p + f. Calculate the greatest common factor of 1 and q.
1
Let r be ((-10)/(-3))/(4/18). Suppose 110 = a + 103. Suppose -2*i = -3 - a. What is the highest common divisor of r and i?
5
Suppose -170 = 38*l - 39*l. Calculate the greatest common divisor of l and 136.
34
Let n be 21/(-1)*16/(-12). Let b(r) = -2*r - 8. Let d be b(-10). Suppose -5*g - d = -0*v - v, -2*v - 5*g = -9. What is the greatest common divisor of v and n?
7
Suppose 70 = 4*t + 3*n + 5, -3*t + 54 = 4*n. Let x = 0 - -5. Let w(z) = z**3 - 4*z**2 - 4. Let l be w(x). Calculate the greatest common factor of l and t.
7
Let u be 299/65 - 2/(-5). Suppose 5*x = i + 5 + 5, i + u*x - 20 = 0. Suppose -i*b = -20, 4*h = 5*h - b - 51. Calculate the highest common factor of 11 and h.
11
Let a(w) = -w**2 + 2*w + 38. Let u be a(-5). What is the highest common divisor of 3 and u?
3
Let y = 441 - 261. Suppose 9*p - y - 27 = 0. Suppose 4*a - p = 73. Calculate the highest common divisor of a and 12.
12
Let m(f) = 5*f + 1. Let w be m(1). Suppose w*c = 3*c + 429. Suppose 6*p - 9*p + 12 = 0, -p + 56 = 4*v. Calculate the greatest common divisor of c and v.
13
Suppose -2*d + 8 = 0, -3*d + 123 + 69 = y. Suppose 3*s - 133 = -c, 0 = -3*s - s - 4*c + y. What is the greatest common factor of 11 and s?
11
Suppose 0 = -9*q + 13*q. Suppose -k = x - 2*x - 22, q = -3*k + 2*x + 65. What is the greatest common factor of k and 7?
7
Let h = 37 - -56. Let r = h - 61. Calculate the greatest common fac